{"id":152,"date":"2020-01-16T22:45:59","date_gmt":"2020-01-16T22:45:59","guid":{"rendered":"http:\/\/my-glutenfree-moments.com\/?page_id=152"},"modified":"2022-12-05T19:34:31","modified_gmt":"2022-12-05T19:34:31","slug":"ueber-mich","status":"publish","type":"page","link":"http:\/\/my-glutenfree-moments.com\/?page_id=152","title":{"rendered":"\u00dcber mich"},"content":{"rendered":"\n<p class=\"has-text-align-center\">Hallo,\nherzlich willkommen auf meinem Blog!<\/p>\n\n\n\n<p class=\"has-text-align-center\">Ich\nbin Maren! \n<\/p>\n\n\n\n<div class=\"wp-block-image\"><figure class=\"aligncenter is-resized\"><img loading=\"lazy\" src=\"http:\/\/my-glutenfree-moments.com\/wp-content\/uploads\/2020\/01\/Ich-1.png\" alt=\"\" class=\"wp-image-65\" width=\"187\" height=\"235\" srcset=\"http:\/\/my-glutenfree-moments.com\/wp-content\/uploads\/2020\/01\/Ich-1.png 735w, http:\/\/my-glutenfree-moments.com\/wp-content\/uploads\/2020\/01\/Ich-1-239x300.png 239w\" sizes=\"(max-width: 187px) 100vw, 187px\" \/><\/figure><\/div>\n\n\n\n<p class=\"has-text-align-left\">Sch\u00f6n, dass ihr hier seid! <\/p>\n\n\n\n<p class=\"has-text-align-left\">Bei mir dreht sich alles um ein unbeschwertes, glutenfreies Leben und ein Leben mit Unvertr\u00e4glichkeiten.<br>Durch die Z\u00f6liakie &#8211; Diagnose unseres \u00e4lteren Sohnes sind wir vor einigen Jahren in das Abenteuer des glutenfreien Lebens und die damit einhergehende Ver\u00e4nderung unseres Speiseplans geworfen worden. Wir haben uns Schritt f\u00fcr Schritt an das glutenfreie Kochen und Backen und an das Ausprobieren der verschiedensten glutenfreien Rezepte gewagt. So kann ich inzwischen sagen, dass wir die glutenfreie K\u00fcche mehr und mehr lieben gelernt haben und sie einen wichtigen und wunderbaren Teil unseres Lebens einnimmt.<\/p>\n\n\n\n<p class=\"has-text-align-left\">Aller Anfang ist manchmal schwer und daher m\u00f6chte ich euch gerne in eurem glutenfreien Alltag unterst\u00fctzen. Neben vielen Rezepten k\u00f6nnt ihr hier erste praktische Tipps und Informationen zum Thema Z\u00f6liakie sowie zu glutenfreier und gesunder Ern\u00e4hrung finden. <\/p>\n\n\n\n<p class=\"has-text-align-left\">Da das Thema Ern\u00e4hrung eine immer gr\u00f6\u00dfere und wichtigere Rolle in meinem Leben eingenommen hat, habe ich&nbsp;mich&nbsp;zur zertifizierten Ern\u00e4hrungsberaterin und zur Beraterin f\u00fcr Darmgesundheit und Intoleranzen ausbilden lassen. Gerne m\u00f6chte ich auch weiterhin mein Wissen in diesen Bereichen erweitern und an euch weitergeben.<\/p>\n\n\n\n<p class=\"has-text-align-left\">Ein Leben ohne Gluten bedeutet nicht, verzichten zu m\u00fcssen. Die glutenfreie K\u00fcche ist so wunderbar und vielf\u00e4ltig! Glutenfrei zu leben verlangt ein Umdenken und eine Neuorientierung! Manchmal braucht es auch ein bisschen Kreativit\u00e4t.  Vor allem aber sollte es irgendwann einmal soweit sein, dass ihr jede Menge Spa\u00df an der neuen Form der Ern\u00e4hrung findet! Auf diesem Weg m\u00f6chte ich euch gerne begleiten. Ich freue&nbsp;mich&nbsp;\u00fcber eure Nachrichten und Kontaktanfragen!<\/p>\n\n\n\n<p class=\"has-text-align-left\">Habt Spa\u00df mit meinem Blog, den Rezepten und lasst es euch gut gehen!<\/p>\n\n\n\n<p class=\"has-text-align-left\">Eure\nMaren<\/p>\n\n\n\n<p><\/p>\n","protected":false},"excerpt":{"rendered":"<p>Hallo, herzlich willkommen auf meinem Blog! Ich bin Maren! Sch\u00f6n, dass ihr hier seid! Bei mir dreht sich alles um ein unbeschwertes, glutenfreies Leben und ein Leben mit Unvertr\u00e4glichkeiten.Durch die Z\u00f6liakie &#8211; Diagnose unseres \u00e4lteren Sohnes sind wir vor einigen Jahren in das Abenteuer des glutenfreien Lebens und die damit einhergehende Ver\u00e4nderung unseres Speiseplans geworfen &hellip; <\/p>\n","protected":false},"author":1,"featured_media":0,"parent":0,"menu_order":0,"comment_status":"closed","ping_status":"closed","template":"","meta":{"wprm-recipe-roundup-name":"","wprm-recipe-roundup-description":""},"_links":{"self":[{"href":"http:\/\/my-glutenfree-moments.com\/index.php?rest_route=\/wp\/v2\/pages\/152"}],"collection":[{"href":"http:\/\/my-glutenfree-moments.com\/index.php?rest_route=\/wp\/v2\/pages"}],"about":[{"href":"http:\/\/my-glutenfree-moments.com\/index.php?rest_route=\/wp\/v2\/types\/page"}],"author":[{"embeddable":true,"href":"http:\/\/my-glutenfree-moments.com\/index.php?rest_route=\/wp\/v2\/users\/1"}],"replies":[{"embeddable":true,"href":"http:\/\/my-glutenfree-moments.com\/index.php?rest_route=%2Fwp%2Fv2%2Fcomments&post=152"}],"version-history":[{"count":15,"href":"http:\/\/my-glutenfree-moments.com\/index.php?rest_route=\/wp\/v2\/pages\/152\/revisions"}],"predecessor-version":[{"id":1456,"href":"http:\/\/my-glutenfree-moments.com\/index.php?rest_route=\/wp\/v2\/pages\/152\/revisions\/1456"}],"wp:attachment":[{"href":"http:\/\/my-glutenfree-moments.com\/index.php?rest_route=%2Fwp%2Fv2%2Fmedia&parent=152"}],"curies":[{"name":"wp","href":"https:\/\/api.w.org\/{rel}","templated":true}]}}